
What is the remainder when 2437024 is divided by 2436950?
74
What is the remainder when 1122052 is divided by 12330?
22
Calculate the remainder when 274024446 is divided by 9325.
9321
Calculate the remainder when 194858437 is divided by 167.
165
What is the remainder when 78214504 is divided by 6?
4
Calculate the remainder when 30653495 is divided by 774.
773
What is the remainder when 13946561 is divided by 2298?
2297
Calculate the remainder when 309817764 is divided by 1533.
1530
Calculate the remainder when 353263 is divided by 58876.
7
What is the remainder when 455475 is divided by 112816?
4211
What is the remainder when 2291692 is divided by 1119?
1099
Calculate the remainder when 4479141 is divided by 3161.
4
Calculate the remainder when 2939638 is divided by 440.
438
What is the remainder when 2509870 is divided by 548?
30
Calculate the remainder when 4714154 is divided by 4714119.
35
What is the remainder when 160495 is divided by 808?
511
What is the remainder when 16725710 is divided by 77794?
0
Calculate the remainder when 195536749 is divided by 128897.
0
What is the remainder when 382557 is divided by 1874?
261
Calculate the remainder when 2551883 is divided by 2551815.
68
What is the remainder when 493837 is divided by 91?
71
What is the remainder when 833274 is divided by 4125?
24
What is the remainder when 10569525 is divided by 285660?
105
Calculate the remainder when 15875028 is divided by 69934.
10
What is the remainder when 704070 is divided by 175998?
78
What is the remainder when 90877780 is divided by 344234?
4
What is the remainder when 48866 is divided by 1320?
26
Calculate the remainder when 7440981 is divided by 18.
15
Calculate the remainder when 189275 is divided by 47257.
247
Calculate the remainder when 73154386 is divided by 24384776.
58
What is the remainder when 54036820 is divided by 660?
640
Calculate the remainder when 1856753 is divided by 1760.
1713
Calculate the remainder when 741639 is divided by 4878.
183
What is the remainder when 13053 is divided by 7084?
5969
What is the remainder when 4671 is divided by 894?
201
What is the remainder when 1986382 is divided by 215?
212
What is the remainder when 233861 is divided by 68?
9
Calculate the remainder when 24917441 is divided by 8305799.
44
What is the remainder when 77306 is divided by 25247?
1565
Calculate the remainder when 803400 is divided by 125.
25
What is the remainder when 167409 is divided by 6693?
84
What is the remainder when 54893 is divided by 25538?
3817
Calculate the remainder when 2171033 is divided by 557.
404
Calculate the remainder when 4023206 is divided by 11798.
88
What is the remainder when 11275499 is divided by 2255093?
34
What is the remainder when 10202600 is divided by 1166?
100
What is the remainder when 5863219 is divided by 531?
448
What is the remainder when 21270138 is divided by 8?
2
What is the remainder when 26876079 is divided by 577?
573
Calculate the remainder when 7389 is divided by 816.
45
What is the remainder when 3396546 is divided by 32659?
10
Calculate the remainder when 1113528 is divided by 64.
56
What is the remainder when 62623806 is divided by 31311900?
6
What is the remainder when 2654936 is divided by 8169?
11
Calculate the remainder when 7212517 is divided by 277.
268
What is the remainder when 25080 is divided by 172?
140
What is the remainder when 1778010 is divided by 87?
78
Calculate the remainder when 176944 is divided by 44097.
556
What is the remainder when 11743051 is divided by 119827?
5
Calculate the remainder when 12808484 is divided by 132.
128
What is the remainder when 1527743 is divided by 6851?
6821
What is the remainder when 57226398 is divided by 3716?
3714
What is the remainder when 479042 is divided by 22805?
137
Calculate the remainder when 41352 is divided by 6169.
4338
What is the remainder when 2393864 is divided by 1227?
1214
What is the remainder when 3131853 is divided by 208?
205
What is the remainder when 11378 is divided by 909?
470
Calculate the remainder when 153634484 is divided by 645.
644
Calculate the remainder when 459454 is divided by 1222.
1204
What is the remainder when 4405757 is divided by 3442?
3439
What is the remainder when 28474179 is divided by 9491390?
9
What is the remainder when 396924 is divided by 22051?
6
Calculate the remainder when 21334195 is divided by 23.
16
What is the remainder when 2675556 is divided by 5493?
465
What is the remainder when 78225137 is divided by 15?
2
Calculate the remainder when 155813 is divided by 3894.
53
Calculate the remainder when 1405037 is divided by 45323.
24
Calculate the remainder when 1516329 is divided by 106.
105
What is the remainder when 28322350 is divided by 20?
10
What is the remainder when 317595752 is divided by 4052?
4044
Calculate the remainder when 953448 is divided by 967.
953
Calculate the remainder when 4381522 is divided by 204.
10
Calculate the remainder when 10161896 is divided by 5080942.
12
Calculate the remainder when 4087781 is divided by 11.
5
Calculate the remainder when 3553904 is divided by 40.
24
What is the remainder when 10075 is divided by 8238?
1837
What is the remainder when 4213 is divided by 3866?
347
What is the remainder when 85359 is divided by 4228?
799
Calculate the remainder when 115580 is divided by 32.
28
What is the remainder when 72516 is divided by 5172?
108
Calculate the remainder when 488411 is divided by 987.
833
Calculate the remainder when 394696 is divided by 791.
778
Calculate the remainder when 150948 is divided by 1819.
1790
What is the remainder when 3720158 is divided by 71?
42
What is the remainder when 78028731 is divided by 1592423?
4
Calculate the remainder when 3328875 is divided by 1109582.
129
Calculate the remainder when 3682536 is divided by 149.
1
Calculate the remainder when 3294664 is divided by 173402.
26
Calculate the remainder when 489986 is divided by 34999.
0
What is the remainder when 1488604 is divided by 9546?
8974
What is the remainder when 37824893 is divided by 35?
8
Calculate the remainder when 15611775 is divided by 144553.
51
Calculate the remainder when 8047991 is divided by 1899.
29
Calculate the remainder when 923726 is divided by 41.
37
Calculate the remainder when 9171 is divided by 2536.
1563
What is the remainder when 4375792 is divided by 25440?
112
Calculate the remainder when 112524 is divided by 13973.
740
What is the remainder when 329940946 is divided by 1437?
1435
What is the remainder when 291575 is divided by 130?
115
What is the remainder when 85578 is divided by 16874?
1208
Calculate the remainder when 1247928 is divided by 1953.
1914
What is the remainder when 6460795 is divided by 496981?
42
What is the remainder when 547286 is divided by 16096?
22
Calculate the remainder when 7830998 is divided by 2823.
2819
Calculate the remainder when 47841627 is divided by 3965.
3902
Calculate the remainder when 385353 is divided by 1987.
1862
Calculate the remainder when 27716 is divided by 578.
550
Calculate the remainder when 10602 is divided by 37.
20
What is the remainder when 256183 is divided by 127825?
533
What is the remainder when 655638 is divided by 64?
22
Calculate the remainder when 1225199 is divided by 30629.
39
Calculate the remainder when 1568881 is divided by 374.
325
What is the remainder when 117507 is divided by 58097?
1313
Calculate the remainder when 441947 is divided by 847.
660
What is the remainder when 1870172 is divided by 3081?
5
Calculate the remainder when 118185 is divided by 9683.
1989
What is the remainder when 187067529 is divided by 649540?
9
What is the remainder when 14683407 is divided by 2936584?
487
What is the remainder when 41664205 is divided by 2328?
2317
What is the remainder when 49744 is divided by 3456?
1360
What is the remainder when 46394 is divided by 14320?
3434
Calculate the remainder when 214209 is divided by 23799.
18
What is the remainder when 1245780 is divided by 416?
276
What is the remainder when 7066938 is divided by 739?
620
What is the remainder when 6773442 is divided by 195?
117
What is the remainder when 21492 is divided by 679?
443
Calculate the remainder when 10236908 is divided by 12.
8
What is the remainder when 324445 is divided by 108125?
70
Ca